{"id":990,"date":"2019-10-04T10:57:25","date_gmt":"2019-10-04T08:57:25","guid":{"rendered":"http:\/\/www.50kronen.de\/headfield\/?page_id=990"},"modified":"2022-07-10T21:17:35","modified_gmt":"2022-07-10T19:17:35","slug":"suedamerika-2020","status":"publish","type":"page","link":"http:\/\/www.50kronen.de\/headfield\/suedamerika-2020\/","title":{"rendered":"S\u00fcdamerika 2020"},"content":{"rendered":"\n<p>Im letzten Jahr bin ich meine bisher insgesamt dritte, l\u00e4ngere Tour mit dem Motorrad gefahren. 2014 ging es nach Italien, 2015 nach Spanien und 2018 schlie\u00dflich \u00fcber den Balkan nach Griechenland. <\/p>\n\n\n\n<p>In Italien und Spanien war ich noch mit meiner Honda CB1000R unterwegs, mit Zelt, Sack und Pack. Das hat prima geklappt, auch wenn es nat\u00fcrlich bei der Beladung durchaus lustig aussah. F\u00fcr Griechenland gab es dann das Update auf die BMW R 1200 GS Adventure. Zu dieser letzten Reise gibt es auch einen eigenen Tagesblog auf dieser Seite ( im Bereich &#8220;Balkan \/ Griechenland 2018&#8221;). <\/p>\n\n\n\n<p>Auch wenn ich es geschafft habe, mich mit dem Panzer (Mein Kosename f\u00fcr die BMW ob der ausgepr\u00e4gten Zierlichkeit des Auftritts) in Montenegro auf die Seite zu legen, so ist eine GS ADV in diesen Gefilden doch eigentlich noch vollkommen unterfordert. Und fairerweise: der Asphaltkontakt lag wohl eher am Fahrer als am Gef\u00e4hrt &#8230; <\/p>\n\n\n\n<p>Wie auch immer, der Panzer schien sich zu freuen, wenn es doch hier und da mal etwas auf Schotter ging, sodass ich das Thema jetzt mal etwas ausbauen m\u00f6chte. Ausgebaut wird an der Stelle auch die (m\u00f6gliche) Dauer der Reise. Damals waren es jeweils ca. 5-6 Wochen. Mein jetziges Zeitbudget liegt bei maximal einem Jahr. <\/p>\n\n\n\n<p>Das Ziel: S\u00fcdamerika. <\/p>\n\n\n\n<p>Der Start: Januar 2020. <\/p>\n\n\n\n<p>So stecke ich jetzt in der Vorbereitung: Ausr\u00fcstung, Versicherungen, Impfungen, Spanisch pimpen und tausend andere Dinge. Und ab und zu mir selber die Frage stellen: Bist du eigentlich bekloppt? Die muss ich mir wohl partiell mit &#8220;Ja&#8221; beantworten \ud83d\ude09 <\/p>\n\n\n\n<p>Sp\u00e4testens, wenn ich mal wieder einen Blick auf die Karte werfe und mir meine erste &#8220;kleine&#8221; Etappe anschaue, wird das vorherige &#8220;Ja&#8221; nochmals eine Spur deutlicher: Valpara\u00edso in Chile bis nach Feuerland (Ushuaia in Argentinien). Das soll in ca. 2 Monaten klappen, damit ich mich dann wieder vor dem s\u00fcdlichen Winter fl\u00fcchtend gen Norden bewegen kann. Die rot gestrichelte Linie auf der Karten unten zeigt den ungef\u00e4hren Weg. Zentral werden die Carretera Austral in Chile und die Ruta 40 in Argentinien sein. Entfernung der ersten Etappe: 4300 km. Und das ist dann erst der Anfang &#8230; Ja, ein gewisses Ma\u00df an Beklopptheit ist wohl hilfreich. <\/p>\n\n\n\n<p>Bis es dann wirklich losgeht, ist der Blog hier ein wenig Work in Progress. Einerseits wird es wieder einen Tagesblog oder einen Blog mit regelm\u00e4\u00dfigen Updates dar\u00fcber geben, was unterwegs so alles passiert &#8211; oder mitunter auch nicht passiert. Dazu m\u00f6chte ich aber noch ein paar Bereiche  beispielsweise \u00fcber Vorbereitungen und Ausr\u00fcstungsgegenst\u00e4nde einbauen. Bei meiner eigenen Recherche fand ich solche Infos von anderen  Langzeitreisenden ziemlich hilfreich. <\/p>\n\n\n\n<p>Es wird! <\/p>\n\n\n\n<p><\/p>\n\n\n\n<figure class=\"wp-block-image is-resized\"><img loading=\"lazy\" decoding=\"async\" src=\"http:\/\/www.50kronen.de\/headfield\/wp-content\/uploads\/\u00dcbersicht2-2-428x1024.jpg\" alt=\"\" class=\"wp-image-1041\" width=\"621\" height=\"1486\" srcset=\"http:\/\/www.50kronen.de\/headfield\/wp-content\/uploads\/\u00dcbersicht2-2-428x1024.jpg 428w, http:\/\/www.50kronen.de\/headfield\/wp-content\/uploads\/\u00dcbersicht2-2-125x300.jpg 125w, http:\/\/www.50kronen.de\/headfield\/wp-content\/uploads\/\u00dcbersicht2-2-768x1839.jpg 768w, http:\/\/www.50kronen.de\/headfield\/wp-content\/uploads\/\u00dcbersicht2-2-816x1954.jpg 816w, http:\/\/www.50kronen.de\/headfield\/wp-content\/uploads\/\u00dcbersicht2-2.jpg 1912w\" sizes=\"(max-width: 621px) 100vw, 621px\" \/><\/figure>\n\n\n\n<figure class=\"wp-block-image\"><img loading=\"lazy\" decoding=\"async\" width=\"1070\" height=\"1484\" src=\"http:\/\/www.50kronen.de\/headfield\/wp-content\/uploads\/S\u00fcdamerika-2.jpg\" alt=\"\" class=\"wp-image-1040\" srcset=\"http:\/\/www.50kronen.de\/headfield\/wp-content\/uploads\/S\u00fcdamerika-2.jpg 1070w, http:\/\/www.50kronen.de\/headfield\/wp-content\/uploads\/S\u00fcdamerika-2-216x300.jpg 216w, http:\/\/www.50kronen.de\/headfield\/wp-content\/uploads\/S\u00fcdamerika-2-768x1065.jpg 768w, http:\/\/www.50kronen.de\/headfield\/wp-content\/uploads\/S\u00fcdamerika-2-738x1024.jpg 738w, http:\/\/www.50kronen.de\/headfield\/wp-content\/uploads\/S\u00fcdamerika-2-816x1132.jpg 816w\" sizes=\"(max-width: 1070px) 100vw, 1070px\" \/><\/figure>\n\n\n\n<p> <\/p>\n","protected":false},"excerpt":{"rendered":"<p>Im letzten Jahr bin ich meine bisher insgesamt dritte, l\u00e4ngere Tour mit dem Motorrad gefahren. 2014 ging es nach Italien, 2015 nach Spanien und 2018 schlie\u00dflich \u00fcber den Balkan nach Griechenland. In Italien und Spanien war ich noch mit meiner Honda CB1000R unterwegs, mit Zelt, Sack und Pack. Das hat prima geklappt, auch wenn es [&hellip;]<\/p>\n","protected":false},"author":1,"featured_media":0,"parent":0,"menu_order":0,"comment_status":"closed","ping_status":"closed","template":"","meta":{"footnotes":""},"_links":{"self":[{"href":"http:\/\/www.50kronen.de\/headfield\/wp-json\/wp\/v2\/pages\/990"}],"collection":[{"href":"http:\/\/www.50kronen.de\/headfield\/wp-json\/wp\/v2\/pages"}],"about":[{"href":"http:\/\/www.50kronen.de\/headfield\/wp-json\/wp\/v2\/types\/page"}],"author":[{"embeddable":true,"href":"http:\/\/www.50kronen.de\/headfield\/wp-json\/wp\/v2\/users\/1"}],"replies":[{"embeddable":true,"href":"http:\/\/www.50kronen.de\/headfield\/wp-json\/wp\/v2\/comments?post=990"}],"version-history":[{"count":6,"href":"http:\/\/www.50kronen.de\/headfield\/wp-json\/wp\/v2\/pages\/990\/revisions"}],"predecessor-version":[{"id":2315,"href":"http:\/\/www.50kronen.de\/headfield\/wp-json\/wp\/v2\/pages\/990\/revisions\/2315"}],"wp:attachment":[{"href":"http:\/\/www.50kronen.de\/headfield\/wp-json\/wp\/v2\/media?parent=990"}],"curies":[{"name":"wp","href":"https:\/\/api.w.org\/{rel}","templated":true}]}}

Südamerika 2020

<p>Im letzten Jahr bin ich meine bisher insgesamt dritte, längere Tour mit dem Motorrad gefahren. 2014 ging es nach Italien, 2015 nach Spanien und 2018 schließlich über den Balkan nach Griechenland. </p>



<p>In Italien und Spanien war ich noch mit meiner Honda CB1000R unterwegs, mit Zelt, Sack und Pack. Das hat prima geklappt, auch wenn es natürlich bei der Beladung durchaus lustig aussah. Für Griechenland gab es dann das Update auf die BMW R 1200 GS Adventure. Zu dieser letzten Reise gibt es auch einen eigenen Tagesblog auf dieser Seite ( im Bereich &#8220;Balkan / Griechenland 2018&#8221;). </p>



<p>Auch wenn ich es geschafft habe, mich mit dem Panzer (Mein Kosename für die BMW ob der ausgeprägten Zierlichkeit des Auftritts) in Montenegro auf die Seite zu legen, so ist eine GS ADV in diesen Gefilden doch eigentlich noch vollkommen unterfordert. Und fairerweise: der Asphaltkontakt lag wohl eher am Fahrer als am Gefährt &#8230; </p>



<p>Wie auch immer, der Panzer schien sich zu freuen, wenn es doch hier und da mal etwas auf Schotter ging, sodass ich das Thema jetzt mal etwas ausbauen möchte. Ausgebaut wird an der Stelle auch die (mögliche) Dauer der Reise. Damals waren es jeweils ca. 5-6 Wochen. Mein jetziges Zeitbudget liegt bei maximal einem Jahr. </p>



<p>Das Ziel: Südamerika. </p>



<p>Der Start: Januar 2020. </p>



<p>So stecke ich jetzt in der Vorbereitung: Ausrüstung, Versicherungen, Impfungen, Spanisch pimpen und tausend andere Dinge. Und ab und zu mir selber die Frage stellen: Bist du eigentlich bekloppt? Die muss ich mir wohl partiell mit &#8220;Ja&#8221; beantworten 😉 </p>



<p>Spätestens, wenn ich mal wieder einen Blick auf die Karte werfe und mir meine erste &#8220;kleine&#8221; Etappe anschaue, wird das vorherige &#8220;Ja&#8221; nochmals eine Spur deutlicher: Valparaíso in Chile bis nach Feuerland (Ushuaia in Argentinien). Das soll in ca. 2 Monaten klappen, damit ich mich dann wieder vor dem südlichen Winter flüchtend gen Norden bewegen kann. Die rot gestrichelte Linie auf der Karten unten zeigt den ungefähren Weg. Zentral werden die Carretera Austral in Chile und die Ruta 40 in Argentinien sein. Entfernung der ersten Etappe: 4300 km. Und das ist dann erst der Anfang &#8230; Ja, ein gewisses Maß an Beklopptheit ist wohl hilfreich. </p>



<p>Bis es dann wirklich losgeht, ist der Blog hier ein wenig Work in Progress. Einerseits wird es wieder einen Tagesblog oder einen Blog mit regelmäßigen Updates darüber geben, was unterwegs so alles passiert &#8211; oder mitunter auch nicht passiert. Dazu möchte ich aber noch ein paar Bereiche  beispielsweise über Vorbereitungen und Ausrüstungsgegenstände einbauen. Bei meiner eigenen Recherche fand ich solche Infos von anderen  Langzeitreisenden ziemlich hilfreich. </p>



<p>Es wird! </p>



<p></p>



<figure class="wp-block-image is-resized"><img loading="lazy" decoding="async" src="http://www.50kronen.de/headfield/wp-content/uploads/Übersicht2-2-428x1024.jpg" alt="" class="wp-image-1041" width="621" height="1486" srcset="http://www.50kronen.de/headfield/wp-content/uploads/Übersicht2-2-428x1024.jpg 428w, http://www.50kronen.de/headfield/wp-content/uploads/Übersicht2-2-125x300.jpg 125w, http://www.50kronen.de/headfield/wp-content/uploads/Übersicht2-2-768x1839.jpg 768w, http://www.50kronen.de/headfield/wp-content/uploads/Übersicht2-2-816x1954.jpg 816w, http://www.50kronen.de/headfield/wp-content/uploads/Übersicht2-2.jpg 1912w" sizes="(max-width: 621px) 100vw, 621px" /></figure>



<figure class="wp-block-image"><img loading="lazy" decoding="async" width="1070" height="1484" src="http://www.50kronen.de/headfield/wp-content/uploads/Südamerika-2.jpg" alt="" class="wp-image-1040" srcset="http://www.50kronen.de/headfield/wp-content/uploads/Südamerika-2.jpg 1070w, http://www.50kronen.de/headfield/wp-content/uploads/Südamerika-2-216x300.jpg 216w, http://www.50kronen.de/headfield/wp-content/uploads/Südamerika-2-768x1065.jpg 768w, http://www.50kronen.de/headfield/wp-content/uploads/Südamerika-2-738x1024.jpg 738w, http://www.50kronen.de/headfield/wp-content/uploads/Südamerika-2-816x1132.jpg 816w" sizes="(max-width: 1070px) 100vw, 1070px" /></figure>



<p> </p>

<p>Im letzten Jahr bin ich meine bisher insgesamt dritte, längere Tour mit dem Motorrad gefahren. 2014 ging es nach Italien, 2015 nach Spanien und 2018 schließlich über den Balkan nach Griechenland. In Italien und Spanien war ich noch mit meiner Honda CB1000R unterwegs, mit Zelt, Sack und Pack. Das hat prima geklappt, auch wenn es [&hellip;]</p>
