{"id":2,"date":"2018-05-01T15:08:36","date_gmt":"2018-05-01T13:08:36","guid":{"rendered":"http:\/\/www.50kronen.de\/headfield\/?page_id=2"},"modified":"2019-10-19T08:39:37","modified_gmt":"2019-10-19T06:39:37","slug":"vorbereitungenbalkangriechenland","status":"publish","type":"page","link":"http:\/\/www.50kronen.de\/headfield\/balkan-griechenland-2018\/vorbereitungenbalkangriechenland\/","title":{"rendered":"Vorbereitungen Balkan\/Griechenland"},"content":{"rendered":"<p><img loading=\"lazy\" decoding=\"async\" class=\"size-medium wp-image-31 alignleft\" src=\"http:\/\/www.50kronen.de\/headfield\/wp-content\/uploads\/2018\/05\/DSC_0098-e1525196010565-169x300.jpg\" alt=\"\" width=\"169\" height=\"300\" srcset=\"http:\/\/www.50kronen.de\/headfield\/wp-content\/uploads\/2018\/05\/DSC_0098-e1525196010565-169x300.jpg 169w, http:\/\/www.50kronen.de\/headfield\/wp-content\/uploads\/2018\/05\/DSC_0098-e1525196010565-768x1365.jpg 768w, http:\/\/www.50kronen.de\/headfield\/wp-content\/uploads\/2018\/05\/DSC_0098-e1525196010565-576x1024.jpg 576w, http:\/\/www.50kronen.de\/headfield\/wp-content\/uploads\/2018\/05\/DSC_0098-e1525196010565-816x1451.jpg 816w, http:\/\/www.50kronen.de\/headfield\/wp-content\/uploads\/2018\/05\/DSC_0098-e1525196010565.jpg 1080w\" sizes=\"(max-width: 169px) 100vw, 169px\" \/><\/p>\n<p>Das bin ich. 35 Jahre alt oder jung, das ist ja immer relativ.<\/p>\n<p>Das Foto stammt von Sizilien bei Palermo, in voller Ledermontur im Hochsommer bei gem\u00fctlichen 35 Grad im Schatten. 2014 war das.&nbsp; Mein erster Urlaub mit dem Motorrad. Damals ging es mit dem Autozug aus Neu Isenburg runter nach Alessandria in Italien. Ich erinnere mich noch genau an meinen ersten Abend auf meinem ersten Campingplatz. Nur der Name des Ortes ist mir entfallen, vermutlich verdr\u00e4ngt. Ich fand den ersten Abend n\u00e4mlich: Beschissen!<\/p>\n<p><img loading=\"lazy\" decoding=\"async\" class=\"size-medium wp-image-24 alignright\" src=\"http:\/\/www.50kronen.de\/headfield\/wp-content\/uploads\/2018\/05\/DSC_0015_1-1-300x169.jpg\" alt=\"\" width=\"300\" height=\"169\" srcset=\"http:\/\/www.50kronen.de\/headfield\/wp-content\/uploads\/2018\/05\/DSC_0015_1-1-300x169.jpg 300w, http:\/\/www.50kronen.de\/headfield\/wp-content\/uploads\/2018\/05\/DSC_0015_1-1-768x432.jpg 768w, http:\/\/www.50kronen.de\/headfield\/wp-content\/uploads\/2018\/05\/DSC_0015_1-1-1024x576.jpg 1024w\" sizes=\"(max-width: 300px) 100vw, 300px\" \/><\/p>\n<p>Das \u00e4nderte sich dann doch recht schnell. N\u00e4chster Tag. K\u00fcstenstra\u00dfen entlang der italienischen Westk\u00fcste. Bestes Wetter. Einfach nur gro\u00dfartig. Und der erste Sonnenuntergang am Meer. Dieses Mal erinnere ich mich an den Ort, La Spezia, bei dem Ausblick wohl auch kein Zufall.<\/p>\n<p>Und so ging die Tour in Italien weiter die Westk\u00fcste entlang. Viele Campingpl\u00e4tze. Viele Leute. Gru\u00df nach M\u00fcnchen an der Stelle, der Bierabend war super, der Besuch in Rom am n\u00e4chsten Tag auch, wenngleich vollkommen verkatert &#8230; R\u00fcber ging es auf Sizilien, rauf auf den Etna. Mords Sonnenbrand und eine solide Erk\u00e4ltung inklusive (T-Shirt aus, weil hei\u00df beim Aufstieg; Sonnenbrand, weil kein T-Shirt; Erk\u00e4ltung, weil Wind &#8211; insgesamt also ausgesprochen klever). Anschlie\u00dfend nur noch mit lang\u00e4rmliger Thermounterw\u00e4sche ins Meer &#8230;<\/p>\n<p><img loading=\"lazy\" decoding=\"async\" class=\"size-medium wp-image-40 alignleft\" src=\"http:\/\/www.50kronen.de\/headfield\/wp-content\/uploads\/2018\/05\/DSC_0342-300x169.jpg\" alt=\"\" width=\"300\" height=\"169\" srcset=\"http:\/\/www.50kronen.de\/headfield\/wp-content\/uploads\/2018\/05\/DSC_0342-300x169.jpg 300w, http:\/\/www.50kronen.de\/headfield\/wp-content\/uploads\/2018\/05\/DSC_0342-768x432.jpg 768w, http:\/\/www.50kronen.de\/headfield\/wp-content\/uploads\/2018\/05\/DSC_0342-1024x576.jpg 1024w\" sizes=\"(max-width: 300px) 100vw, 300px\" \/>Vom Etna die S\u00fcdk\u00fcste Siziliens entlang bis Trapani &#8211; von da stammt auch das Titelfoto. Nochmal eine F\u00e4hre r\u00fcber auf Favignana. Lustige kleine Insel mit einem verh\u00e4ltnism\u00e4\u00dfig bekloppten aber liebenswerten Campingplatz. Anschlie\u00dfend zur\u00fcck und auf den Platz bei Palermo, von dem das Foto oben stammt.<\/p>\n<p><img loading=\"lazy\" decoding=\"async\" class=\"size-medium wp-image-34 alignright\" src=\"http:\/\/www.50kronen.de\/headfield\/wp-content\/uploads\/2018\/05\/DSC_0154-300x169.jpg\" alt=\"\" width=\"300\" height=\"169\" srcset=\"http:\/\/www.50kronen.de\/headfield\/wp-content\/uploads\/2018\/05\/DSC_0154-300x169.jpg 300w, http:\/\/www.50kronen.de\/headfield\/wp-content\/uploads\/2018\/05\/DSC_0154-768x432.jpg 768w, http:\/\/www.50kronen.de\/headfield\/wp-content\/uploads\/2018\/05\/DSC_0154-1024x576.jpg 1024w\" sizes=\"(max-width: 300px) 100vw, 300px\" \/>Weiter entlang der Nordk\u00fcste zu dem sch\u00f6nsten Pl\u00e4tzchen, dass ich bisher in meinen Urlauben gefunden habe. Foto gibt&#8217;s rechts, der Ort bleibt aber geheim &#8211; hehe \ud83d\ude09 Von dem Sch\u00e4tzchen dann zur\u00fcck, wieder r\u00fcber aufs Festland und dann die Ostk\u00fcste hoch. Wieder viele interessante Stationen. Meine letzte Station in diesem Urlaub war dann schlie\u00dflich ein Campingplatz im Gran Sasso. Zwar wollte ich noch hoch bis Venedig, aber die Witterung wollte das nicht. Auch Fluchtversuche waren vergebens.<\/p>\n<p>So kam ich nach einer Tagestour von insgesamt ca. 1300 km nachts um 1 Uhr in Stuttgart an. V\u00f6llig fertig, halb erfroren und mit einem Hintern, der noch 4 Wochen sp\u00e4ter geschmerzt hat. Nach der anschlie\u00dfenden n\u00e4chtlichen Tour durch Stuttgart bis morgens um 7 Uhr war aber auch das (erstmal) vergessen.<\/p>\n<p><img loading=\"lazy\" decoding=\"async\" class=\"size-medium wp-image-158 alignright\" src=\"http:\/\/www.50kronen.de\/headfield\/wp-content\/uploads\/Italien-296x300.jpg\" alt=\"\" width=\"296\" height=\"300\" srcset=\"http:\/\/www.50kronen.de\/headfield\/wp-content\/uploads\/Italien-296x300.jpg 296w, http:\/\/www.50kronen.de\/headfield\/wp-content\/uploads\/Italien-768x778.jpg 768w, http:\/\/www.50kronen.de\/headfield\/wp-content\/uploads\/Italien-1010x1024.jpg 1010w, http:\/\/www.50kronen.de\/headfield\/wp-content\/uploads\/Italien-88x88.jpg 88w, http:\/\/www.50kronen.de\/headfield\/wp-content\/uploads\/Italien-816x827.jpg 816w, http:\/\/www.50kronen.de\/headfield\/wp-content\/uploads\/Italien.jpg 1616w\" sizes=\"(max-width: 296px) 100vw, 296px\" \/><\/p>\n<p>Insgesamt habe ich auf der Italientour knapp 10.000 km abgefahren und war ca. 4 Wochen unterwegs. So beschissen der erste Eindruck am ersten Abend auf dem ersten Campingplatz, so klasse der Gesamturlaub.<\/p>\n<p>Und da mir das so gut gefallen hat, ging es dann 2015 auf die n\u00e4chste Tour nach Spanien. Mit leichter Gep\u00e4ckmodifikation &#8211; schlie\u00dflich war ich da ja schon Profi. Vor allem: Eine andere Sitzbank (Stichwort: 4 Wochen Schmerzen am Arsch &#8230; ).<\/p>\n<p><img loading=\"lazy\" decoding=\"async\" class=\"size-medium wp-image-59 alignleft\" src=\"http:\/\/www.50kronen.de\/headfield\/wp-content\/uploads\/2018\/05\/DSC_1231-300x169.jpg\" alt=\"\" width=\"300\" height=\"169\" srcset=\"http:\/\/www.50kronen.de\/headfield\/wp-content\/uploads\/2018\/05\/DSC_1231-300x169.jpg 300w, http:\/\/www.50kronen.de\/headfield\/wp-content\/uploads\/2018\/05\/DSC_1231-768x432.jpg 768w, http:\/\/www.50kronen.de\/headfield\/wp-content\/uploads\/2018\/05\/DSC_1231-1024x576.jpg 1024w\" sizes=\"(max-width: 300px) 100vw, 300px\" \/>Wieder mit meiner CB1000R, die schon in Italien zum Einsatz kam. Und bei dem Wohnmobil solle nochmal jemand sagen, einen Streetfighter k\u00f6nne man nicht zu einem Gep\u00e4ckesel umbauen. Mit dem beladenen Hobel durch Barcelona zwischen den Autos oder die K\u00fcstenstra\u00dfen hoch- und runterkurven, herrlich! Nur das Auf- und Absteigen sah sicherlich immer ganz interessant aus, Beinchen hoch und sch\u00f6n vorne am Tank lang, so eine Art Yoga to Go &#8230;<\/p>\n<p><img loading=\"lazy\" decoding=\"async\" class=\"size-medium wp-image-159 alignleft\" src=\"http:\/\/www.50kronen.de\/headfield\/wp-content\/uploads\/Spanien-273x300.jpg\" alt=\"\" width=\"273\" height=\"300\" srcset=\"http:\/\/www.50kronen.de\/headfield\/wp-content\/uploads\/Spanien-273x300.jpg 273w, http:\/\/www.50kronen.de\/headfield\/wp-content\/uploads\/Spanien-768x844.jpg 768w, http:\/\/www.50kronen.de\/headfield\/wp-content\/uploads\/Spanien-932x1024.jpg 932w, http:\/\/www.50kronen.de\/headfield\/wp-content\/uploads\/Spanien-816x897.jpg 816w, http:\/\/www.50kronen.de\/headfield\/wp-content\/uploads\/Spanien.jpg 1513w\" sizes=\"(max-width: 273px) 100vw, 273px\" \/><\/p>\n<p>Ohne detailliert auf Spanien einzugehen, wieder ca. 10.000 km, knapp 5 Wochen, viele interessante Orte, Affen in Gibraltar, lustige Menschen, bekloppte &#8220;Andorrianer&#8221; (man merkt, dass die Menschen in Andorra IN einem Gebirge wohnen &#8230; ), Nagel im Reifen, totale Stille in der W\u00fcste, riesige Treibhausfelder &#8230; und nicht zu vergessen, der ungeplante Besuch in San Sebastian. Ein Navi muss man halt schon bedienen k\u00f6nnen &#8230;<\/p>\n<p><img loading=\"lazy\" decoding=\"async\" class=\"wp-image-153 size-medium alignright\" src=\"http:\/\/www.50kronen.de\/headfield\/wp-content\/uploads\/DSC_0940-2-242x300.jpg\" alt=\"\" width=\"242\" height=\"300\" srcset=\"http:\/\/www.50kronen.de\/headfield\/wp-content\/uploads\/DSC_0940-2-242x300.jpg 242w, http:\/\/www.50kronen.de\/headfield\/wp-content\/uploads\/DSC_0940-2-768x951.jpg 768w, http:\/\/www.50kronen.de\/headfield\/wp-content\/uploads\/DSC_0940-2-827x1024.jpg 827w, http:\/\/www.50kronen.de\/headfield\/wp-content\/uploads\/DSC_0940-2-816x1011.jpg 816w, http:\/\/www.50kronen.de\/headfield\/wp-content\/uploads\/DSC_0940-2.jpg 1686w\" sizes=\"(max-width: 242px) 100vw, 242px\" \/>Anyway. Beide Urlaube waren klasse. Und nach einer kurzen Pause steht dieses Jahr wieder eine Tour an. Und so sch\u00f6n das mit der CB1000R war, irgendwie wurde doch deutlich, dass ich wenig &#8220;Nach-dem-Feierabend-nochmal-schnell-die-Hausstrecke-langpr\u00fcgeln&#8221;-Potential habe. Daf\u00fcr um so mehr die weiten Strecken mag. Daher gab es dieses Jahr ein kleines Upgrade und ich bin auf die R1200GS Adventure umgestiegen. Und damit das auch ein wenig in das BMW-Bonzen-Image passt, gleich mit den dicken Alu-Koffern. Selbstverst\u00e4ndlich mit Tempomat und Heizgriffen. Ob des doch recht zierlichen Auftritts des Hobels nenne ich ihn auch liebevoll &#8220;Panzer&#8221;.<\/p>\n<p>Ausgestattet mit dem neuen Untersatz wird es dieses Jahr \u00fcber den Balkan nach Griechenland gehen. Mein Zeitbudget liegt bei bis zu 7 Wochen. Ich glaube, das reicht. Mal sehen. Meine vorherigen Urlaube habe ich wie einen Reiseblog auf Facebook dokumentiert. Da ich Facebook aber eigentlich doof finde, bin ich nicht mehr dabei. Da ich gleichzeitig die kleine Dokumentation aber ganz nett fand, erstelle ich hierzu diesen kleinen Blog.<\/p>\n<p>Wenn Du es bis hierhin geschafft hast: Erstmal herzlichen Gl\u00fcckwunsch! Und zugleich eine Entwarnung: Meine Beitr\u00e4ge w\u00e4hrend der Tour werden sicherlich nicht so textlastig werden. Zum einen mache ich Urlaub und schreibe keinen Roman. Zum anderen wird alles via Smartphone passieren. Und ich hasse Touchscreen-Tippen! \ud83d\ude09<\/p>\n<p>So oder so w\u00fcnsche ich Dir viel Spa\u00df beim Verfolgen der Tour!<\/p>\n<p>&nbsp;<\/p>\n<p>&nbsp;<\/p>\n<p>&nbsp;<\/p>\n<p>&nbsp;<\/p>\n","protected":false},"excerpt":{"rendered":"<p>Das bin ich. 35 Jahre alt oder jung, das ist ja immer relativ. Das Foto stammt von Sizilien bei Palermo, in voller Ledermontur im Hochsommer bei gem\u00fctlichen 35 Grad im Schatten. 2014 war das.&nbsp; Mein erster Urlaub mit dem Motorrad. Damals ging es mit dem Autozug aus Neu Isenburg runter nach Alessandria in Italien. Ich [&hellip;]<\/p>\n","protected":false},"author":1,"featured_media":0,"parent":978,"menu_order":0,"comment_status":"closed","ping_status":"open","template":"","meta":{"footnotes":""},"_links":{"self":[{"href":"http:\/\/www.50kronen.de\/headfield\/wp-json\/wp\/v2\/pages\/2"}],"collection":[{"href":"http:\/\/www.50kronen.de\/headfield\/wp-json\/wp\/v2\/pages"}],"about":[{"href":"http:\/\/www.50kronen.de\/headfield\/wp-json\/wp\/v2\/types\/page"}],"author":[{"embeddable":true,"href":"http:\/\/www.50kronen.de\/headfield\/wp-json\/wp\/v2\/users\/1"}],"replies":[{"embeddable":true,"href":"http:\/\/www.50kronen.de\/headfield\/wp-json\/wp\/v2\/comments?post=2"}],"version-history":[{"count":12,"href":"http:\/\/www.50kronen.de\/headfield\/wp-json\/wp\/v2\/pages\/2\/revisions"}],"predecessor-version":[{"id":1067,"href":"http:\/\/www.50kronen.de\/headfield\/wp-json\/wp\/v2\/pages\/2\/revisions\/1067"}],"up":[{"embeddable":true,"href":"http:\/\/www.50kronen.de\/headfield\/wp-json\/wp\/v2\/pages\/978"}],"wp:attachment":[{"href":"http:\/\/www.50kronen.de\/headfield\/wp-json\/wp\/v2\/media?parent=2"}],"curies":[{"name":"wp","href":"https:\/\/api.w.org\/{rel}","templated":true}]}}

<p><img loading="lazy" decoding="async" class="size-medium wp-image-31 alignleft" src="http://www.50kronen.de/headfield/wp-content/uploads/2018/05/DSC_0098-e1525196010565-169x300.jpg" alt="" width="169" height="300" srcset="http://www.50kronen.de/headfield/wp-content/uploads/2018/05/DSC_0098-e1525196010565-169x300.jpg 169w, http://www.50kronen.de/headfield/wp-content/uploads/2018/05/DSC_0098-e1525196010565-768x1365.jpg 768w, http://www.50kronen.de/headfield/wp-content/uploads/2018/05/DSC_0098-e1525196010565-576x1024.jpg 576w, http://www.50kronen.de/headfield/wp-content/uploads/2018/05/DSC_0098-e1525196010565-816x1451.jpg 816w, http://www.50kronen.de/headfield/wp-content/uploads/2018/05/DSC_0098-e1525196010565.jpg 1080w" sizes="(max-width: 169px) 100vw, 169px" /></p>
<p>Das bin ich. 35 Jahre alt oder jung, das ist ja immer relativ.</p>
<p>Das Foto stammt von Sizilien bei Palermo, in voller Ledermontur im Hochsommer bei gemütlichen 35 Grad im Schatten. 2014 war das.&nbsp; Mein erster Urlaub mit dem Motorrad. Damals ging es mit dem Autozug aus Neu Isenburg runter nach Alessandria in Italien. Ich erinnere mich noch genau an meinen ersten Abend auf meinem ersten Campingplatz. Nur der Name des Ortes ist mir entfallen, vermutlich verdrängt. Ich fand den ersten Abend nämlich: Beschissen!</p>
<p><img loading="lazy" decoding="async" class="size-medium wp-image-24 alignright" src="http://www.50kronen.de/headfield/wp-content/uploads/2018/05/DSC_0015_1-1-300x169.jpg" alt="" width="300" height="169" srcset="http://www.50kronen.de/headfield/wp-content/uploads/2018/05/DSC_0015_1-1-300x169.jpg 300w, http://www.50kronen.de/headfield/wp-content/uploads/2018/05/DSC_0015_1-1-768x432.jpg 768w, http://www.50kronen.de/headfield/wp-content/uploads/2018/05/DSC_0015_1-1-1024x576.jpg 1024w" sizes="(max-width: 300px) 100vw, 300px" /></p>
<p>Das änderte sich dann doch recht schnell. Nächster Tag. Küstenstraßen entlang der italienischen Westküste. Bestes Wetter. Einfach nur großartig. Und der erste Sonnenuntergang am Meer. Dieses Mal erinnere ich mich an den Ort, La Spezia, bei dem Ausblick wohl auch kein Zufall.</p>
<p>Und so ging die Tour in Italien weiter die Westküste entlang. Viele Campingplätze. Viele Leute. Gruß nach München an der Stelle, der Bierabend war super, der Besuch in Rom am nächsten Tag auch, wenngleich vollkommen verkatert &#8230; Rüber ging es auf Sizilien, rauf auf den Etna. Mords Sonnenbrand und eine solide Erkältung inklusive (T-Shirt aus, weil heiß beim Aufstieg; Sonnenbrand, weil kein T-Shirt; Erkältung, weil Wind &#8211; insgesamt also ausgesprochen klever). Anschließend nur noch mit langärmliger Thermounterwäsche ins Meer &#8230;</p>
<p><img loading="lazy" decoding="async" class="size-medium wp-image-40 alignleft" src="http://www.50kronen.de/headfield/wp-content/uploads/2018/05/DSC_0342-300x169.jpg" alt="" width="300" height="169" srcset="http://www.50kronen.de/headfield/wp-content/uploads/2018/05/DSC_0342-300x169.jpg 300w, http://www.50kronen.de/headfield/wp-content/uploads/2018/05/DSC_0342-768x432.jpg 768w, http://www.50kronen.de/headfield/wp-content/uploads/2018/05/DSC_0342-1024x576.jpg 1024w" sizes="(max-width: 300px) 100vw, 300px" />Vom Etna die Südküste Siziliens entlang bis Trapani &#8211; von da stammt auch das Titelfoto. Nochmal eine Fähre rüber auf Favignana. Lustige kleine Insel mit einem verhältnismäßig bekloppten aber liebenswerten Campingplatz. Anschließend zurück und auf den Platz bei Palermo, von dem das Foto oben stammt.</p>
<p><img loading="lazy" decoding="async" class="size-medium wp-image-34 alignright" src="http://www.50kronen.de/headfield/wp-content/uploads/2018/05/DSC_0154-300x169.jpg" alt="" width="300" height="169" srcset="http://www.50kronen.de/headfield/wp-content/uploads/2018/05/DSC_0154-300x169.jpg 300w, http://www.50kronen.de/headfield/wp-content/uploads/2018/05/DSC_0154-768x432.jpg 768w, http://www.50kronen.de/headfield/wp-content/uploads/2018/05/DSC_0154-1024x576.jpg 1024w" sizes="(max-width: 300px) 100vw, 300px" />Weiter entlang der Nordküste zu dem schönsten Plätzchen, dass ich bisher in meinen Urlauben gefunden habe. Foto gibt&#8217;s rechts, der Ort bleibt aber geheim &#8211; hehe 😉 Von dem Schätzchen dann zurück, wieder rüber aufs Festland und dann die Ostküste hoch. Wieder viele interessante Stationen. Meine letzte Station in diesem Urlaub war dann schließlich ein Campingplatz im Gran Sasso. Zwar wollte ich noch hoch bis Venedig, aber die Witterung wollte das nicht. Auch Fluchtversuche waren vergebens.</p>
<p>So kam ich nach einer Tagestour von insgesamt ca. 1300 km nachts um 1 Uhr in Stuttgart an. Völlig fertig, halb erfroren und mit einem Hintern, der noch 4 Wochen später geschmerzt hat. Nach der anschließenden nächtlichen Tour durch Stuttgart bis morgens um 7 Uhr war aber auch das (erstmal) vergessen.</p>
<p><img loading="lazy" decoding="async" class="size-medium wp-image-158 alignright" src="http://www.50kronen.de/headfield/wp-content/uploads/Italien-296x300.jpg" alt="" width="296" height="300" srcset="http://www.50kronen.de/headfield/wp-content/uploads/Italien-296x300.jpg 296w, http://www.50kronen.de/headfield/wp-content/uploads/Italien-768x778.jpg 768w, http://www.50kronen.de/headfield/wp-content/uploads/Italien-1010x1024.jpg 1010w, http://www.50kronen.de/headfield/wp-content/uploads/Italien-88x88.jpg 88w, http://www.50kronen.de/headfield/wp-content/uploads/Italien-816x827.jpg 816w, http://www.50kronen.de/headfield/wp-content/uploads/Italien.jpg 1616w" sizes="(max-width: 296px) 100vw, 296px" /></p>
<p>Insgesamt habe ich auf der Italientour knapp 10.000 km abgefahren und war ca. 4 Wochen unterwegs. So beschissen der erste Eindruck am ersten Abend auf dem ersten Campingplatz, so klasse der Gesamturlaub.</p>
<p>Und da mir das so gut gefallen hat, ging es dann 2015 auf die nächste Tour nach Spanien. Mit leichter Gepäckmodifikation &#8211; schließlich war ich da ja schon Profi. Vor allem: Eine andere Sitzbank (Stichwort: 4 Wochen Schmerzen am Arsch &#8230; ).</p>
<p><img loading="lazy" decoding="async" class="size-medium wp-image-59 alignleft" src="http://www.50kronen.de/headfield/wp-content/uploads/2018/05/DSC_1231-300x169.jpg" alt="" width="300" height="169" srcset="http://www.50kronen.de/headfield/wp-content/uploads/2018/05/DSC_1231-300x169.jpg 300w, http://www.50kronen.de/headfield/wp-content/uploads/2018/05/DSC_1231-768x432.jpg 768w, http://www.50kronen.de/headfield/wp-content/uploads/2018/05/DSC_1231-1024x576.jpg 1024w" sizes="(max-width: 300px) 100vw, 300px" />Wieder mit meiner CB1000R, die schon in Italien zum Einsatz kam. Und bei dem Wohnmobil solle nochmal jemand sagen, einen Streetfighter könne man nicht zu einem Gepäckesel umbauen. Mit dem beladenen Hobel durch Barcelona zwischen den Autos oder die Küstenstraßen hoch- und runterkurven, herrlich! Nur das Auf- und Absteigen sah sicherlich immer ganz interessant aus, Beinchen hoch und schön vorne am Tank lang, so eine Art Yoga to Go &#8230;</p>
<p><img loading="lazy" decoding="async" class="size-medium wp-image-159 alignleft" src="http://www.50kronen.de/headfield/wp-content/uploads/Spanien-273x300.jpg" alt="" width="273" height="300" srcset="http://www.50kronen.de/headfield/wp-content/uploads/Spanien-273x300.jpg 273w, http://www.50kronen.de/headfield/wp-content/uploads/Spanien-768x844.jpg 768w, http://www.50kronen.de/headfield/wp-content/uploads/Spanien-932x1024.jpg 932w, http://www.50kronen.de/headfield/wp-content/uploads/Spanien-816x897.jpg 816w, http://www.50kronen.de/headfield/wp-content/uploads/Spanien.jpg 1513w" sizes="(max-width: 273px) 100vw, 273px" /></p>
<p>Ohne detailliert auf Spanien einzugehen, wieder ca. 10.000 km, knapp 5 Wochen, viele interessante Orte, Affen in Gibraltar, lustige Menschen, bekloppte &#8220;Andorrianer&#8221; (man merkt, dass die Menschen in Andorra IN einem Gebirge wohnen &#8230; ), Nagel im Reifen, totale Stille in der Wüste, riesige Treibhausfelder &#8230; und nicht zu vergessen, der ungeplante Besuch in San Sebastian. Ein Navi muss man halt schon bedienen können &#8230;</p>
<p><img loading="lazy" decoding="async" class="wp-image-153 size-medium alignright" src="http://www.50kronen.de/headfield/wp-content/uploads/DSC_0940-2-242x300.jpg" alt="" width="242" height="300" srcset="http://www.50kronen.de/headfield/wp-content/uploads/DSC_0940-2-242x300.jpg 242w, http://www.50kronen.de/headfield/wp-content/uploads/DSC_0940-2-768x951.jpg 768w, http://www.50kronen.de/headfield/wp-content/uploads/DSC_0940-2-827x1024.jpg 827w, http://www.50kronen.de/headfield/wp-content/uploads/DSC_0940-2-816x1011.jpg 816w, http://www.50kronen.de/headfield/wp-content/uploads/DSC_0940-2.jpg 1686w" sizes="(max-width: 242px) 100vw, 242px" />Anyway. Beide Urlaube waren klasse. Und nach einer kurzen Pause steht dieses Jahr wieder eine Tour an. Und so schön das mit der CB1000R war, irgendwie wurde doch deutlich, dass ich wenig &#8220;Nach-dem-Feierabend-nochmal-schnell-die-Hausstrecke-langprügeln&#8221;-Potential habe. Dafür um so mehr die weiten Strecken mag. Daher gab es dieses Jahr ein kleines Upgrade und ich bin auf die R1200GS Adventure umgestiegen. Und damit das auch ein wenig in das BMW-Bonzen-Image passt, gleich mit den dicken Alu-Koffern. Selbstverständlich mit Tempomat und Heizgriffen. Ob des doch recht zierlichen Auftritts des Hobels nenne ich ihn auch liebevoll &#8220;Panzer&#8221;.</p>
<p>Ausgestattet mit dem neuen Untersatz wird es dieses Jahr über den Balkan nach Griechenland gehen. Mein Zeitbudget liegt bei bis zu 7 Wochen. Ich glaube, das reicht. Mal sehen. Meine vorherigen Urlaube habe ich wie einen Reiseblog auf Facebook dokumentiert. Da ich Facebook aber eigentlich doof finde, bin ich nicht mehr dabei. Da ich gleichzeitig die kleine Dokumentation aber ganz nett fand, erstelle ich hierzu diesen kleinen Blog.</p>
<p>Wenn Du es bis hierhin geschafft hast: Erstmal herzlichen Glückwunsch! Und zugleich eine Entwarnung: Meine Beiträge während der Tour werden sicherlich nicht so textlastig werden. Zum einen mache ich Urlaub und schreibe keinen Roman. Zum anderen wird alles via Smartphone passieren. Und ich hasse Touchscreen-Tippen! 😉</p>
<p>So oder so wünsche ich Dir viel Spaß beim Verfolgen der Tour!</p>
<p>&nbsp;</p>
<p>&nbsp;</p>
<p>&nbsp;</p>
<p>&nbsp;</p>

<p>Das bin ich. 35 Jahre alt oder jung, das ist ja immer relativ. Das Foto stammt von Sizilien bei Palermo, in voller Ledermontur im Hochsommer bei gemütlichen 35 Grad im Schatten. 2014 war das.&nbsp; Mein erster Urlaub mit dem Motorrad. Damals ging es mit dem Autozug aus Neu Isenburg runter nach Alessandria in Italien. Ich [&hellip;]</p>
